85).
35
Let r(f) = f**3 + 21*f**2 + 20*f - 285. Calculate r(-18).
327
Let f(q) = -2*q**2 - 59864*q - 658254. Determine f(-11).
8
Let s(n) = 193*n - 43429. Calculate s(225).
-4
Let j(p) = -p**2 - 1262*p - 43553. Give j(-36).
583
Let o(b) = -41*b**2 - 564*b + 224. What is o(-14)?
84
Let t(l) = -l**3 - 781*l**2 - 96085*l - 137. What is t(-153)?
16
Let h(r) = 90607*r - 90612. Calculate h(1).
-5
Let d(m) = -2*m**3 - 141*m**2 + 314*m - 47. Determine d(2).
1
Let a(p) = -p**3 + 52*p**2 + 115*p + 2571. Determine a(55).
-179
Let v(l) = 48397*l - 242043. Give v(5).
-58
Let y(v) = v**3 - 131*v**2 - 4078*v + 63. Give y(-26).
-41
Let z(r) = -52*r**2 + 1592*r + 66. Determine z(31).
-554
Let i(r) = 28*r**3 - 26576*r**2 + 3800*r - 3789. Calculate i(949).
7
Let g(u) = 105*u**2 - 3055*u + 287. Calculate g(29).
-3
Let j(o) = -607*o + 7135. Give j(12).
-149
Let u(z) = -4*z**2 - 316*z - 5273. Calculate u(-55).
7
Let r(p) = 14*p**2 + 118*p + 65. Determine r(-8).
17
Let x(w) = 5501*w - 32748. What is x(6)?
258
Let x(w) = -w**3 - 363*w**2 + 4789*w + 1738412. Calculate x(-363).
5
Let b(c) = -c**3 + 126*c**2 - 2232*c - 29603. Give b(101).
-10
Let i(d) = d**2 - 919*d - 2747. Calculate i(-3).
19
Let n(x) = -290*x**2 + 19430*x + 30. Calculate n(67).
30
Let a(r) = 24400*r + 585598. Give a(-24).
-2
Let v(o) = -8*o**2 + 487*o + 551. What is v(62)?
-7
Let f(p) = p**3 + 153*p**2 + 99*p - 8070. Determine f(-152).
-14
Let z(u) = 63*u**2 - 3105*u + 64. Give z(50).
2314
Let s(y) = -2*y**3 - 565*y**2 + 821*y - 8803. Calculate s(-284).
1
Let y(j) = -2*j**3 - j**2 + 54*j - 246. Calculate y(-7).
13
Let y(w) = w**3 + 115*w**2 + 3260*w - 1380. Determine y(-53).
-2
Let h(s) = -3*s**2 - 247*s - 2331. What is h(-10)?
-161
Let z(r) = 5*r**2 + 425*r + 8346. What is z(-54)?
-24
Let i(k) = -235*k - 15079. Give i(-86).
5131
Let l(r) = -2959*r - 25579. What is l(-9)?
1052
Let x(t) = -7*t**2 - 573*t - 12. Give x(-84).
-1272
Let v(i) = i**2 + 1327*i + 431494. Calculate v(-757).
4
Let f(b) = 5246*b + 350677. Calculate f(-67).
-805
Let f(i) = 179*i**3 - 95*i + 8. Calculate f(0).
8
Let o(b) = b**2 - 1721*b - 12167. Give o(-7).
-71
Let i(d) = 385086*d - 770151. Calculate i(2).
21
Let u(l) = -2*l**3 + 472*l**2 + 461*l + 3226. Calculate u(237).
145
Let m(s) = -s**2 - 700*s - 18829. Determine m(-28).
-13
Let r(s) = 21649*s + 3160751. Determine r(-146).
-3
Let q(m) = -11*m**3 - m**2 + 410*m - 409. Give q(1).
-11
Let n(x) = x**3 - 121*x**2 - 1740*x - 230. What is n(134)?
38
Let u(o) = -2*o**2 - 459*o + 14883. What is u(-259)?
-398
Let l(x) = -7189*x + 1071165. What is l(149)?
4
Let s(l) = 4*l**3 + 86*l**2 + 188*l + 10. What is s(-19)?
48
Let t(o) = -8*o**2 + 876*o - 5675. Give t(103).
-319
Let x(m) = m**3 + 52*m**2 - 76*m + 8287. What is x(-56)?
-1
Let m(o) = -22*o**2 + 581*o - 1246. Calculate m(2).
-172
Let t(y) = y**2 + 211*y + 10835. Give t(-90).
-55
Let m(b) = b**2 + 83*b - 944. Calculate m(-91).
-216
Let u(l) = -2205*l - 290. Determine u(0).
-290
Let p(o) = -o**3 + 77*o**2 - 114*o - 13009. Calculate p(73).
-15
Let q(b) = 41*b**2 - 447*b - 111. What is q(11)?
-67
Let u(o) = -1035*o - 1081. What is u(0)?
-1081
Let y(h) = -6*h - 98. Determine y(208).
-1346
Let u(s) = -1451*s + 16329. Determine u(11).
368
Let r(n) = 8351*n - 25032. Give r(3).
21
Let w(g) = -10147*g - 20757. Give w(-2).
-463
Let k(y) = 392*y**2 + 5479*y - 68. Determine k(-14).
58
Let n(z) = 1511*z - 2731. Determine n(3).
1802
Let z(t) = -1347*t - 4046. Determine z(-2).
-1352
Let f(o) = -o**3 + 87*o**2 - 1701*o - 540. Give f(57).
-27
Let y(b) = -b**3 - 87*b**2 + 2406*b - 76. Determine y(-109).
-948
Let q(f) = 8*f**2 - 273*f + 498. What is q(32)?
-46
Let g(k) = -45*k**3 + 4*k**2 - 236*k + 1168. What is g(5)?
-5537
Let s(n) = 90*n**2 + 97*n + 255. Give s(-3).
774
Let o(j) = -10180*j - 20314. What is o(-2)?
46
Let x(t) = -2*t**2 + 300*t - 10731. Give x(52).
-539
Let k(c) = -c**2 + 56*c + 394. What is k(63)?
-47
Let f(p) = -1250*p**2 - 31228*p + 230. Calculate f(-25).
-320
Let m(t) = -t**3 + 39*t**2 - 119*t - 3353. Determine m(32).
7
Let x(t) = -t**2 + 24432*t - 170990. What is x(7)?
-15
Let n(a) = -2*a**2 + 54186*a + 542033. Calculate n(-10).
-27
Let n(h) = -2*h**2 - 279*h + 1557. Give n(6).
-189
Let d(a) = -2*a**3 + 331*a**2 + 4249*a - 728342. Give d(165).
-32
Let m(c) = 3254*c - 2059774. What is m(633)?
8
Let m(u) = u**2 - 2669*u + 4492. Calculate m(0).
4492
Let z(r) = 3*r**3 - 27*r**2 + 72*r + 469. Calculate z(11).
1987
Let y(u) = 15*u**2 - 403*u + 691. Give y(12).
-1985
Let u(r) = -538*r + 5955. Calculate u(14).
-1577
Let u(o) = -495*o**2 + 8414*o + 34. Calculate u(17).
17
Let h(w) = -w**3 + 7*w**2 - 1262*w + 17193. Calculate h(13).
-227
Let d(h) = 106*h**2 - 853*h - 371. What is d(8)?
-411
Let w(g) = -6*g**3 - 130*g**2 + 527*g + 10628. What is w(-22)?
2
Let h(i) = 629*i + 10786. Determine h(-17).
93
Let h(u) = 28*u**3 - 1262*u**2 + 1262*u + 1. Determine h(1).
29
Let d(y) = y**2 + 32519*y + 961. Determine d(0).
961
Let l(r) = 46*r**3 + 3044*r**2 + 556*r + 1889. Give l(-66).
41
Let g(x) = -17227*x - 86138. Give g(-5).
-3
Let w(p) = -p**3 + 17*p**2 - 90*p + 98. Determine w(11).
-166
Let r(d) = -d**2 + 186*d + 91834. What is r(-224)?
-6
Let j(v) = -110*v**2 + 2075*v + 252. Give j(19).
-33
Let b(i) = i**3 - 49*i**2 - 161*i - 554. Give b(52).
-814
Let p(t) = -132*t + 3835. Determine p(26).
403
Let u(q) = 478*q + 7518. Determine u(-16).
-130
Let o(s) = -s**3 + 166*s**2 + 309*s + 4591. Give o(168).
55
Let x(n) = -523*n**2 + 7361*n - 528. Calculate x(14).
18
Let v(y) = y**3 + 31*y**2 - 188*y - 9. Determine v(-36).
279
Let i(m) = -3310*m + 566012. Calculate i(171).
2
Let t(p) = -13*p**2 - 2790*p - 2627. Determine t(-213).
1846
Let l(w) = w**2 + 954*w + 68339. Determine l(-78).
11
Let r(j) = j**3 + 53*j**2 + 43*j + 19320. Determine r(-58).
6
Let b(g) = -g**2 - 443*g - 7215. Calculate b(-17).
27
Let h(v) = 29645*v + 3261007. Calculate h(-110).
57
Let s(l) = -l**3 - 11*l**2 - 17800*l - 160038. What is s(-9)?
0
Let w(a) = -1945*a - 97491. Calculate w(-50).
-241
Let t(u) = u**3 - 26*u**2 - 21378*u - 148027. Calculate t(-7).
2
Let r(u) = u**3 - 16*u**2 - 4381*u + 61706. Calculate r(14).
-20
Let p(q) = 26694*q + 36864406. Calculate p(-1381).
-8
Let m(x) = 2*x**3 - 98*x**2 + 77*x + 2099. Give m(47).
-3118
Let g(y) = -2*y**2 - 2368*y - 9488. Determine g(-4).
-48
Let s(z) = -z**3 - 19*z**2 + z + 52. Give s(-7).
-543
Let s(a) = -15028*a - 15722. Determine s(-1).
-694
Let k(m) = 2458*m + 25423. What is k(-11)?
-1615
Let c(x) = 5902*x - 53512. Give c(9).
-394
Let h(r) = -2*r**2 + 14536*r + 160157. Determine h(-11).
19
Let m(y) = 4777*y + 592004. Determine m(-124).
-344
Let v(c) = -c**3 + 1057*c**2 - 22772*c + 2090. Determine v(1035).
20
Let z(t) = 11468*t - 344928. Give z(30).
-888
Let d(k) = -11692*k - 3647901. Give d(-312).
3
Let q(b) = -6*b**3 - 2992*b**2 + 556839*b + 663. What is q(-643)?
20
Let b(f) = 3*f**2 - 509*f - 9116. What is b(186)?
-2
Let t(i) = -70*i**2 - 214*i - 1080. Determine t(-6).
-2316
Let l(c) = c**2 + 155*c + 890. Calculate l(-6).
-4
Let h(a) = -13*a**3 + 543*a**2 + 123*a + 146. Give h(42).
20
Let l(y) = -261*y + 38454. Give l(147).
87
Let n(z) = -z**3 - 1327*z**2 + 5341*z - 58. Calculate n(4).
10
Let b(y) = 150*y + 6874. Determine b(-52).
-926
Let u(w) = 16*w**2 + 223*w + 880. Give u(-4).
244
Let l(o) = o**2 - 2897*o + 145121. Give l(51).
-25
Let c(f) = 79*f**2 - 6820*f + 2230. What is c(86)?
-6
Let t(z) = -2*z**3 - 101*z**2 + 2560*z - 238. What is t(-69)?
-721
Let t(x) = 10285*x**2 - 51433*x + 28. Determine t(5).
-12
Let b(s) = 102*s**2 - 1134*s - 62. Give b(11).
-194
Let k(y) = 17*y**3 - 6786*y**2 + 1193*y + 1637. Calculate k(399).
41
Let h(r) = -20298*r - 121858. Calculate h(-6).
-70
Let m(o) = o**3 + 18*o**2 - 181*o - 1455. What is m(-17)?
1911
Let p(k) = 2476*k - 37630. Determine p(14).
-2966
Let p(f) = -13*f**2 - 184*f - 1380. Determine p(-8).
-740
Let z(b) = 5882*b - 1782247. Determine z(303).
-1
Let o(s) = -s**3 - 284*s**2 - 2727*s + 3553. Give o(-274).
-9
Let a(i) = i**2 + 25069*i - 125377. Determine a(5).
-7
Let u(i) = -i**2 + 2226800*i - 13360761. Give u(6).
3
Let g(o) = 5*o**2 + 1690*o + 22681. Calculate g(-324).
1
Let g(s) = -s**2 - 72*s - 981. Calculate g(-19).
26
Let v(t) = -26*t**3 - 849*t**2 - 546*t - 59. What is v(-3